{"id":488,"date":"2023-10-25T18:37:47","date_gmt":"2023-10-25T18:37:47","guid":{"rendered":"https:\/\/zuaque.com\/?page_id=488"},"modified":"2023-10-25T18:40:23","modified_gmt":"2023-10-25T18:40:23","slug":"blog","status":"publish","type":"page","link":"https:\/\/zuaque.com\/index.php\/blog\/","title":{"rendered":"Blog"},"content":{"rendered":"\t\t<div data-elementor-type=\"wp-page\" data-elementor-id=\"488\" class=\"elementor elementor-488\">\n\t\t\t\t\t\t\t\t\t<section class=\"elementor-section elementor-top-section elementor-element elementor-element-44c8d67 elementor-section-height-min-height elementor-section-boxed elementor-section-height-default elementor-section-items-middle\" data-id=\"44c8d67\" data-element_type=\"section\" data-settings=\"{&quot;background_background&quot;:&quot;slideshow&quot;,&quot;background_slideshow_gallery&quot;:[{&quot;id&quot;:410,&quot;url&quot;:&quot;https:\\\/\\\/zuaque.com\\\/wp-content\\\/uploads\\\/2023\\\/09\\\/Financial-Services.jpg&quot;}],&quot;background_slideshow_loop&quot;:&quot;yes&quot;,&quot;background_slideshow_slide_duration&quot;:5000,&quot;background_slideshow_slide_transition&quot;:&quot;fade&quot;,&quot;background_slideshow_transition_duration&quot;:500}\">\n\t\t\t\t\t\t\t<div class=\"elementor-background-overlay\"><\/div>\n\t\t\t\t\t\t\t<div class=\"elementor-container elementor-column-gap-default\">\n\t\t\t\t\t<div class=\"elementor-column elementor-col-100 elementor-top-column elementor-element elementor-element-0f3177d\" data-id=\"0f3177d\" data-element_type=\"column\">\n\t\t\t<div class=\"elementor-widget-wrap elementor-element-populated\">\n\t\t\t\t\t\t\t\t<div class=\"elementor-element elementor-element-e973a54 animated-slow elementor-invisible elementor-widget elementor-widget-heading\" data-id=\"e973a54\" data-element_type=\"widget\" data-settings=\"{&quot;_animation&quot;:&quot;fadeIn&quot;}\" data-widget_type=\"heading.default\">\n\t\t\t\t<div class=\"elementor-widget-container\">\n\t\t\t<style>\/*! elementor - v3.16.0 - 13-09-2023 *\/\n.elementor-heading-title{padding:0;margin:0;line-height:1}.elementor-widget-heading .elementor-heading-title[class*=elementor-size-]>a{color:inherit;font-size:inherit;line-height:inherit}.elementor-widget-heading .elementor-heading-title.elementor-size-small{font-size:15px}.elementor-widget-heading .elementor-heading-title.elementor-size-medium{font-size:19px}.elementor-widget-heading .elementor-heading-title.elementor-size-large{font-size:29px}.elementor-widget-heading .elementor-heading-title.elementor-size-xl{font-size:39px}.elementor-widget-heading .elementor-heading-title.elementor-size-xxl{font-size:59px}<\/style><h2 class=\"elementor-heading-title elementor-size-default\">Bienvenido a nuestro Blog<\/h2>\t\t<\/div>\n\t\t\t\t<\/div>\n\t\t\t\t\t<\/div>\n\t\t<\/div>\n\t\t\t\t\t\t\t<\/div>\n\t\t<\/section>\n\t\t\t\t<section class=\"elementor-section elementor-top-section elementor-element elementor-element-7ca05bf elementor-section-boxed elementor-section-height-default elementor-section-height-default\" data-id=\"7ca05bf\" data-element_type=\"section\">\n\t\t\t\t\t\t<div class=\"elementor-container elementor-column-gap-default\">\n\t\t\t\t\t<div class=\"elementor-column elementor-col-100 elementor-top-column elementor-element elementor-element-5a7fb09\" data-id=\"5a7fb09\" data-element_type=\"column\">\n\t\t\t<div class=\"elementor-widget-wrap elementor-element-populated\">\n\t\t\t\t\t\t\t\t<div class=\"elementor-element elementor-element-573816e elementor-grid-4 elementor-grid-tablet-2 elementor-grid-mobile-1 elementor-posts--thumbnail-top elementor-card-shadow-yes elementor-posts__hover-gradient elementor-widget elementor-widget-posts\" data-id=\"573816e\" data-element_type=\"widget\" data-settings=\"{&quot;cards_columns&quot;:&quot;4&quot;,&quot;cards_columns_tablet&quot;:&quot;2&quot;,&quot;cards_columns_mobile&quot;:&quot;1&quot;,&quot;cards_row_gap&quot;:{&quot;unit&quot;:&quot;px&quot;,&quot;size&quot;:35,&quot;sizes&quot;:[]},&quot;cards_row_gap_tablet&quot;:{&quot;unit&quot;:&quot;px&quot;,&quot;size&quot;:&quot;&quot;,&quot;sizes&quot;:[]},&quot;cards_row_gap_mobile&quot;:{&quot;unit&quot;:&quot;px&quot;,&quot;size&quot;:&quot;&quot;,&quot;sizes&quot;:[]}}\" data-widget_type=\"posts.cards\">\n\t\t\t\t<div class=\"elementor-widget-container\">\n\t\t\t<link rel=\"stylesheet\" href=\"https:\/\/zuaque.com\/wp-content\/plugins\/elementor-pro\/assets\/css\/widget-posts.min.css\">\t\t<div class=\"elementor-posts-container elementor-posts elementor-posts--skin-cards elementor-grid\">\n\t\t\t\t<article class=\"elementor-post elementor-grid-item post-476 post type-post status-publish format-standard has-post-thumbnail hentry category-uncategorized\">\n\t\t\t<div class=\"elementor-post__card\">\n\t\t\t\t<a class=\"elementor-post__thumbnail__link\" href=\"https:\/\/zuaque.com\/index.php\/2023\/10\/25\/guias-paso-a-paso-para-la-gestion-financiera-personal-construyendo-un-futuro-economico-solido\/\" ><div class=\"elementor-post__thumbnail\"><img loading=\"lazy\" decoding=\"async\" width=\"1151\" height=\"768\" src=\"https:\/\/zuaque.com\/wp-content\/uploads\/2023\/10\/front-view-commission-still-life-arrangement-Mediana.jpg\" class=\"attachment-full size-full wp-image-478\" alt=\"\" srcset=\"https:\/\/zuaque.com\/wp-content\/uploads\/2023\/10\/front-view-commission-still-life-arrangement-Mediana.jpg 1151w, https:\/\/zuaque.com\/wp-content\/uploads\/2023\/10\/front-view-commission-still-life-arrangement-Mediana-300x200.jpg 300w, https:\/\/zuaque.com\/wp-content\/uploads\/2023\/10\/front-view-commission-still-life-arrangement-Mediana-1024x683.jpg 1024w, https:\/\/zuaque.com\/wp-content\/uploads\/2023\/10\/front-view-commission-still-life-arrangement-Mediana-768x512.jpg 768w\" sizes=\"auto, (max-width: 1151px) 100vw, 1151px\" \/><\/div><\/a>\n\t\t\t\t<div class=\"elementor-post__text\">\n\t\t\t\t<h3 class=\"elementor-post__title\">\n\t\t\t<a href=\"https:\/\/zuaque.com\/index.php\/2023\/10\/25\/guias-paso-a-paso-para-la-gestion-financiera-personal-construyendo-un-futuro-economico-solido\/\" >\n\t\t\t\tGu\u00edas Paso a Paso para la Gesti\u00f3n Financiera Personal: Construyendo un Futuro Econ\u00f3mico S\u00f3lido\t\t\t<\/a>\n\t\t<\/h3>\n\t\t\t\t<div class=\"elementor-post__excerpt\">\n\t\t\t<p>La gesti\u00f3n financiera personal es esencial para alcanzar la estabilidad econ\u00f3mica y lograr tus metas<\/p>\n\t\t<\/div>\n\t\t\n\t\t<a class=\"elementor-post__read-more\" href=\"https:\/\/zuaque.com\/index.php\/2023\/10\/25\/guias-paso-a-paso-para-la-gestion-financiera-personal-construyendo-un-futuro-economico-solido\/\" >\n\t\t\tLeer m\u00e1s \u00bb\t\t<\/a>\n\n\t\t\t\t<\/div>\n\t\t\t\t\t<\/div>\n\t\t<\/article>\n\t\t\t\t<article class=\"elementor-post elementor-grid-item post-412 post type-post status-publish format-standard has-post-thumbnail hentry category-uncategorized\">\n\t\t\t<div class=\"elementor-post__card\">\n\t\t\t\t<a class=\"elementor-post__thumbnail__link\" href=\"https:\/\/zuaque.com\/index.php\/2023\/09\/22\/como-pedir-un-credito-de-forma-responsable-consejos-para-una-decision-financiera-importante\/\" ><div class=\"elementor-post__thumbnail\"><img loading=\"lazy\" decoding=\"async\" width=\"1920\" height=\"1080\" src=\"https:\/\/zuaque.com\/wp-content\/uploads\/2023\/09\/Zuaque.jpg\" class=\"attachment-full size-full wp-image-414\" alt=\"\" srcset=\"https:\/\/zuaque.com\/wp-content\/uploads\/2023\/09\/Zuaque.jpg 1920w, https:\/\/zuaque.com\/wp-content\/uploads\/2023\/09\/Zuaque-300x169.jpg 300w, https:\/\/zuaque.com\/wp-content\/uploads\/2023\/09\/Zuaque-1024x576.jpg 1024w, https:\/\/zuaque.com\/wp-content\/uploads\/2023\/09\/Zuaque-768x432.jpg 768w, https:\/\/zuaque.com\/wp-content\/uploads\/2023\/09\/Zuaque-1536x864.jpg 1536w\" sizes=\"auto, (max-width: 1920px) 100vw, 1920px\" \/><\/div><\/a>\n\t\t\t\t<div class=\"elementor-post__text\">\n\t\t\t\t<h3 class=\"elementor-post__title\">\n\t\t\t<a href=\"https:\/\/zuaque.com\/index.php\/2023\/09\/22\/como-pedir-un-credito-de-forma-responsable-consejos-para-una-decision-financiera-importante\/\" >\n\t\t\t\tC\u00f3mo pedir un cr\u00e9dito de forma responsable: Consejos para una decisi\u00f3n financiera importante\t\t\t<\/a>\n\t\t<\/h3>\n\t\t\t\t<div class=\"elementor-post__excerpt\">\n\t\t\t<p>Pedir un cr\u00e9dito es una decisi\u00f3n financiera importante que puede tener un impacto significativo en<\/p>\n\t\t<\/div>\n\t\t\n\t\t<a class=\"elementor-post__read-more\" href=\"https:\/\/zuaque.com\/index.php\/2023\/09\/22\/como-pedir-un-credito-de-forma-responsable-consejos-para-una-decision-financiera-importante\/\" >\n\t\t\tLeer m\u00e1s \u00bb\t\t<\/a>\n\n\t\t\t\t<\/div>\n\t\t\t\t\t<\/div>\n\t\t<\/article>\n\t\t\t\t<article class=\"elementor-post elementor-grid-item post-406 post type-post status-publish format-standard has-post-thumbnail hentry category-uncategorized\">\n\t\t\t<div class=\"elementor-post__card\">\n\t\t\t\t<a class=\"elementor-post__thumbnail__link\" href=\"https:\/\/zuaque.com\/index.php\/2023\/09\/22\/consejos-de-ahorro-e-inversion-como-hacer-crecer-tu-dinero-de-manera-inteligente\/\" ><div class=\"elementor-post__thumbnail\"><img loading=\"lazy\" decoding=\"async\" width=\"1920\" height=\"1080\" src=\"https:\/\/zuaque.com\/wp-content\/uploads\/2023\/09\/PiggyBank.jpg\" class=\"attachment-full size-full wp-image-408\" alt=\"\" srcset=\"https:\/\/zuaque.com\/wp-content\/uploads\/2023\/09\/PiggyBank.jpg 1920w, https:\/\/zuaque.com\/wp-content\/uploads\/2023\/09\/PiggyBank-300x169.jpg 300w, https:\/\/zuaque.com\/wp-content\/uploads\/2023\/09\/PiggyBank-1024x576.jpg 1024w, https:\/\/zuaque.com\/wp-content\/uploads\/2023\/09\/PiggyBank-768x432.jpg 768w, https:\/\/zuaque.com\/wp-content\/uploads\/2023\/09\/PiggyBank-1536x864.jpg 1536w\" sizes=\"auto, (max-width: 1920px) 100vw, 1920px\" \/><\/div><\/a>\n\t\t\t\t<div class=\"elementor-post__text\">\n\t\t\t\t<h3 class=\"elementor-post__title\">\n\t\t\t<a href=\"https:\/\/zuaque.com\/index.php\/2023\/09\/22\/consejos-de-ahorro-e-inversion-como-hacer-crecer-tu-dinero-de-manera-inteligente\/\" >\n\t\t\t\tConsejos de ahorro e inversi\u00f3n: C\u00f3mo hacer crecer tu dinero de manera inteligente\t\t\t<\/a>\n\t\t<\/h3>\n\t\t\t\t<div class=\"elementor-post__excerpt\">\n\t\t\t<p>En la b\u00fasqueda de la estabilidad financiera y la construcci\u00f3n de un futuro s\u00f3lido, el<\/p>\n\t\t<\/div>\n\t\t\n\t\t<a class=\"elementor-post__read-more\" href=\"https:\/\/zuaque.com\/index.php\/2023\/09\/22\/consejos-de-ahorro-e-inversion-como-hacer-crecer-tu-dinero-de-manera-inteligente\/\" >\n\t\t\tLeer m\u00e1s \u00bb\t\t<\/a>\n\n\t\t\t\t<\/div>\n\t\t\t\t\t<\/div>\n\t\t<\/article>\n\t\t\t\t<article class=\"elementor-post elementor-grid-item post-409 post type-post status-publish format-standard has-post-thumbnail hentry category-uncategorized\">\n\t\t\t<div class=\"elementor-post__card\">\n\t\t\t\t<a class=\"elementor-post__thumbnail__link\" href=\"https:\/\/zuaque.com\/index.php\/2023\/09\/22\/productos-financieros-guia-completa-para-elegir-los-mas-adecuados-para-tus-necesidades\/\" ><div class=\"elementor-post__thumbnail\"><img loading=\"lazy\" decoding=\"async\" width=\"1920\" height=\"1080\" src=\"https:\/\/zuaque.com\/wp-content\/uploads\/2023\/09\/Financial-Services.jpg\" class=\"attachment-full size-full wp-image-410\" alt=\"\" srcset=\"https:\/\/zuaque.com\/wp-content\/uploads\/2023\/09\/Financial-Services.jpg 1920w, https:\/\/zuaque.com\/wp-content\/uploads\/2023\/09\/Financial-Services-300x169.jpg 300w, https:\/\/zuaque.com\/wp-content\/uploads\/2023\/09\/Financial-Services-1024x576.jpg 1024w, https:\/\/zuaque.com\/wp-content\/uploads\/2023\/09\/Financial-Services-768x432.jpg 768w, https:\/\/zuaque.com\/wp-content\/uploads\/2023\/09\/Financial-Services-1536x864.jpg 1536w\" sizes=\"auto, (max-width: 1920px) 100vw, 1920px\" \/><\/div><\/a>\n\t\t\t\t<div class=\"elementor-post__text\">\n\t\t\t\t<h3 class=\"elementor-post__title\">\n\t\t\t<a href=\"https:\/\/zuaque.com\/index.php\/2023\/09\/22\/productos-financieros-guia-completa-para-elegir-los-mas-adecuados-para-tus-necesidades\/\" >\n\t\t\t\tProductos financieros: Gu\u00eda completa para elegir los m\u00e1s adecuados para tus necesidades\t\t\t<\/a>\n\t\t<\/h3>\n\t\t\t\t<div class=\"elementor-post__excerpt\">\n\t\t\t<p>Los productos financieros son herramientas esenciales para gestionar y hacer crecer tu dinero. Ya sea<\/p>\n\t\t<\/div>\n\t\t\n\t\t<a class=\"elementor-post__read-more\" href=\"https:\/\/zuaque.com\/index.php\/2023\/09\/22\/productos-financieros-guia-completa-para-elegir-los-mas-adecuados-para-tus-necesidades\/\" >\n\t\t\tLeer m\u00e1s \u00bb\t\t<\/a>\n\n\t\t\t\t<\/div>\n\t\t\t\t\t<\/div>\n\t\t<\/article>\n\t\t\t\t<\/div>\n\n\n\t\t\n\t\t\t\t<\/div>\n\t\t\t\t<\/div>\n\t\t\t\t\t<\/div>\n\t\t<\/div>\n\t\t\t\t\t\t\t<\/div>\n\t\t<\/section>\n\t\t\t\t\t\t\t<\/div>\n\t\t","protected":false},"excerpt":{"rendered":"<p>Bienvenido a nuestro Blog<\/p>\n","protected":false},"author":1,"featured_media":0,"parent":0,"menu_order":0,"comment_status":"closed","ping_status":"closed","template":"elementor_header_footer","meta":{"site-sidebar-layout":"no-sidebar","site-content-layout":"page-builder","ast-site-content-layout":"","site-content-style":"default","site-sidebar-style":"default","ast-global-header-display":"","ast-banner-title-visibility":"","ast-main-header-display":"","ast-hfb-above-header-display":"","ast-hfb-below-header-display":"","ast-hfb-mobile-header-display":"","site-post-title":"disabled","ast-breadcrumbs-content":"","ast-featured-img":"disabled","footer-sml-layout":"","theme-transparent-header-meta":"","adv-header-id-meta":"","stick-header-meta":"","header-above-stick-meta":"","header-main-stick-meta":"","header-below-stick-meta":"","astra-migrate-meta-layouts":"","footnotes":""},"class_list":["post-488","page","type-page","status-publish","hentry"],"_links":{"self":[{"href":"https:\/\/zuaque.com\/index.php\/wp-json\/wp\/v2\/pages\/488","targetHints":{"allow":["GET"]}}],"collection":[{"href":"https:\/\/zuaque.com\/index.php\/wp-json\/wp\/v2\/pages"}],"about":[{"href":"https:\/\/zuaque.com\/index.php\/wp-json\/wp\/v2\/types\/page"}],"author":[{"embeddable":true,"href":"https:\/\/zuaque.com\/index.php\/wp-json\/wp\/v2\/users\/1"}],"replies":[{"embeddable":true,"href":"https:\/\/zuaque.com\/index.php\/wp-json\/wp\/v2\/comments?post=488"}],"version-history":[{"count":7,"href":"https:\/\/zuaque.com\/index.php\/wp-json\/wp\/v2\/pages\/488\/revisions"}],"predecessor-version":[{"id":506,"href":"https:\/\/zuaque.com\/index.php\/wp-json\/wp\/v2\/pages\/488\/revisions\/506"}],"wp:attachment":[{"href":"https:\/\/zuaque.com\/index.php\/wp-json\/wp\/v2\/media?parent=488"}],"curies":[{"name":"wp","href":"https:\/\/api.w.org\/{rel}","templated":true}]}}